= v*o - 27, 2*g + 32 = 2*o. List the prime factors of o.
11
Suppose 4*i + 232 = 3*u + 2*u, 0 = -2*i - 6. List the prime factors of u.
2, 11
Let m = 2 - -3. Suppose -4*g - 255 = -x, g + 3*x = m*g + 253. What are the prime factors of ((-8)/16)/(2/g)?
2
Suppose 0*o - 144 = -2*l - 2*o, -5*o + 226 = 3*l. List the prime factors of l.
67
Let k(q) = q**3 - 8*q**2 - 5*q + 20. Let s be k(8). What are the prime factors of s*-2*(-2)/(-8)?
2, 5
Suppose -11 - 4 = 3*x, 45 = 5*j - 2*x. Suppose 4*b + 114 = j*b. What are the prime factors of b?
2, 19
Let b = -24 + 28. Suppose x - 5 = 0, 2*a + 4 = -2*a + b*x. What are the prime factors of a?
2
Let m = 495 - 272. List the prime factors of m.
223
Suppose -10*t + 352 + 288 = 0. What are the prime factors of t?
2
Let v(r) = r**2 + 8*r + 2. List the prime factors of v(-8).
2
Let a = 28 + -20. Suppose p + a - 36 = 0. Suppose 5*g - 2 = p. List the prime factors of g.
2, 3
Suppose -4*d - 3*k = -14, -3*d + 6 = 4*k - 8. Suppose d*m + 4*c - 20 = 0, 4*m = -0*c + 2*c + 50. Suppose -m = -f - 3*f. What are the prime factors of f?
3
Suppose -3*o + 5*v - 4 = -0*v, 0 = -4*o - 4*v + 16. Suppose 2*x = 13 + 21. Suppose -o*a - 45 = -5*f, 6 = -3*f - 2*a + x. What are the prime factors of f?
7
Suppose -64 = 3*f - 427. What are the prime factors of f?
11
Let g be (6/(-5))/((-12)/40). List the prime factors of -3 + g/(4/13).
2, 5
Suppose -2*d + 48 = -8*j + 3*j, -j = -2. List the prime factors of d.
29
Suppose 0 = -4*d - 3 + 43. Let j(x) = x**3 - 9*x**2 - 9*x - 3. What are the prime factors of j(d)?
7
Let h = 5 - 5. Let p(c) = c**3 - c**2 - c + 10. What are the prime factors of p(h)?
2, 5
Let a = -6 + 10. What are the prime factors of a?
2
Let l(y) = 21*y**2. List the prime factors of l(-2).
2, 3, 7
Suppose -5*y + a = 2*a - 62, -a = -2*y + 22. Suppose y = 2*n - x, n + 4*n - 2*x = 31. What are the prime factors of n?
7
Let j = -38 + 187. List the prime factors of j.
149
Let v = 7 + -5. Suppose 3 = -h - v*q + 6, 3*q = 3*h - 18. What are the prime factors of h?
5
Let a be -2 + (2 + -1)*8. Suppose 90 = 3*j - a. What are the prime factors of j?
2
Let y(u) = -u**2 + 4*u + 7. Suppose 2 = 4*k - 18. Let n be y(k). Suppose -n*m = -10 - 6. What are the prime factors of m?
2
Suppose -2*p + 7*p - 145 = 0. What are the prime factors of p?
29
Let n(g) = g + 55. What are the prime factors of n(0)?
5, 11
Suppose 0 = -4*w - 4*b + 4, -w + 4*b = -4*w + 2. What are the prime factors of w/7 - 80/(-14)?
2, 3
Suppose -3*y = -13 - 14. Suppose 0*o + o = -4*n + y, 0 = 2*o + n - 11. Suppose 4*l - 3*m = 51, -10 + o = m. What are the prime factors of l?
3
Let y = 71 + -11. List the prime factors of y.
2, 3, 5
Let q(m) = -18*m + 3. Let z be q(7). Let u be 1/4 + z/12. List the prime factors of (-28)/u + (-1)/(-5).
3
Let l(o) = 4*o. Let f be l(3). Let w be f/(-5) + 9/(-15). List the prime factors of (-3 + 48/w)/(-1).
19
Let c(k) = -k**2 - 4*k - 2. Let w be c(-3). Let z = 2 + w. Suppose 20 = z*u - 13. List the prime factors of u.
11
Let l(b) be the first derivative of 29*b**3/3 - b**2/2 + b - 4. List the prime factors of l(1).
29
Let g(v) = -v + 1. Let h be g(4). Let m(n) = 11*n + 4. Let j be m(h). Let f = j + 40. List the prime factors of f.
11
Let q = -107 - -168. List the prime factors of q.
61
Let j(i) = -3*i**3 - 7*i**2 - 7. What are the prime factors of j(-5)?
193
Let p(i) = -13*i**3 - 2*i**2 + 2*i + 1. Let r(k) = 38*k**3 + 5*k**2 - 5*k - 3. Let x(f) = 11*p(f) + 4*r(f). List the prime factors of x(1).
2
Let q = 39 + -19. Let p = 37 - q. What are the prime factors of p?
17
Let a be (2 + -3)/(1/(-12)). Suppose -d = a + 5. Let m = d - -28. List the prime factors of m.
11
Let l(p) = -4*p - 9. Let n be l(-6). Let h be 2/6 - n/(-9). Suppose 2*t + 19 = 2*o + t, o = h*t + 17. What are the prime factors of o?
7
Suppose l - 4 = -l. Let a be l/(-9) + 40/18. List the prime factors of (5/4)/(a/16).
2, 5
Let m(a) = 2*a + 11. Suppose 10 = -3*s + 31. What are the prime factors of m(s)?
5
Let w = 9 - 0. Suppose w*x - 4*x - 20 = 0. Suppose -x*d - 6 = -42. What are the prime factors of d?
3
Let j = -41 + 88. List the prime factors of j.
47
Suppose -274 + 1515 = 17*z. List the prime factors of z.
73
Let p = -1 - -5. What are the prime factors of (9 - p)/(1/2)?
2, 5
Suppose 0 = -4*y + 5*x + 98, 5*x + 14 + 18 = y. What are the prime factors of y?
2, 11
Let u = -24 - -10. Let q = 21 + u. Suppose 2*i - q = i. What are the prime factors of i?
7
Let j(i) = i**3 + 2*i**2 + 2*i - 2. Let r be j(3). Let n = r + -35. List the prime factors of n.
2, 7
Suppose -p + 155 = 4*p. Suppose f - p = d - 3*d, 2*f = -d + 23. List the prime factors of d.
13
List the prime factors of 24/(-42) + 970/7 + -1.
137
Suppose 0 = 4*w - 2*d - 32, -5*w + 33 = 4*d - 3*d. Suppose w*m - 11*m + 24 = 0. What are the prime factors of 63/(-6)*m/(-9)?
7
Let m be (12/15)/((-4)/(-10)). Suppose m*h - k - 28 = 0, 4*h + 3*k + 2*k - 56 = 0. What are the prime factors of h?
2, 7
Let t = 2 - -41. What are the prime factors of t?
43
Suppose -22 = -c + 9. What are the prime factors of c?
31
Let m(z) = 2*z**3 - 7 - z**3 - 3*z**2 + 2*z**2. Let v be m(0). Let u = 3 - v. List the prime factors of u.
2, 5
Let z = -313 + 647. What are the prime factors of z?
2, 167
What are the prime factors of (-1)/(-4) + 441/12?
37
Let f(c) = -5*c**2 + 1 + 5 - 2*c - c**3 - 3*c**3 + c**3. List the prime factors of f(-3).
2, 3
Let o(g) = -g**3 - 8*g**2 + 7*g - 7. Let u = -27 + 18. List the prime factors of o(u).
11
Let f = -88 - -331. What are the prime factors of f?
3
List the prime factors of 54 + (2 - (-8)/4).
2, 29
Suppose 3*v - 4*x - 9 - 4 = 0, 0 = 5*v - x - 16. Let d = v - -52. List the prime factors of d.
5, 11
Suppose -8 = 3*m + 2*i, 2*m - 16 = -i + 5*i. Suppose m = -b - 5 + 20. What are the prime factors of b?
3, 5
Let c be 3/(4/(-32)*-6). Suppose 4*s + 2 = -18, c*h = -2*s + 78. What are the prime factors of h?
2, 11
Let x be (-2 - -9)*1 - -2. Suppose -2 - x = -h. What are the prime factors of h?
11
Suppose -3*q = -q + 5*o - 15, -4*q = 4*o - 24. What are the prime factors of q?
5
Suppose p = 4*a + 16, -a + 25 = 4*p - 4*a. Suppose y = 5*s - 53, -3*s - p*y = -12 - 29. What are the prime factors of s?
11
Suppose -2*z + 5*b - 9 = 0, -4*z + 4*b - 6*b = -18. Suppose -h = -4*t + 4*h + 51, 9 = -z*h. What are the prime factors of t?
3
Let k = 105 + -66. List the prime factors of k.
3, 13
List the prime factors of (-5 - -1) + 245/7.
31
Suppose 94 = 5*x - 56. List the prime factors of x.
2, 3, 5
Suppose 9 = -2*q - q, a + 4 = -3*q. Suppose -3*p + a*p = 44. List the prime factors of p.
2, 11
List the prime factors of (7 + -2)*134/5.
2, 67
Let q(v) = 22*v + 1. Let p be q(2). Suppose -4*w - 16 + 105 = -3*h, p = 2*w - h. List the prime factors of w.
23
Let a = -11 + 9. Let q = 20 + a. What are the prime factors of q?
2, 3
Let m = -8 - -12. Suppose -2*t + 5*b = m*b - 51, 2*b - 150 = -5*t. What are the prime factors of t?
2, 7
What are the prime factors of (1 + -128)/(7/(-7))?
127
Let q = 9 + -7. Let c be (-2 - -4)/4*2. Let v = c + q. List the prime factors of v.
3
Suppose a = -a. Suppose -27 = -a*i - 3*i. What are the prime factors of i?
3
Let a be ((-2)/(-3))/((-8)/(-156)). Suppose 2*s = 3*h - a, 5*s + 4 + 9 = h. What are the prime factors of h?
3
Suppose -5*m = -m - 252. List the prime factors of m.
3, 7
Suppose -2*v + 4*t = -17 - 31, -v + 5*t + 39 = 0. List the prime factors of v.
2, 7
Let v(k) = -2*k. Let c be v(-1). Suppose h - 36 + 0 = -c*d, 4*h + 5*d = 159. Suppose 18 = -4*a + h. What are the prime factors of a?
7
Let p = 6 + -33. List the prime factors of (-480)/(-27) + (-6)/p.
2, 3
Let p(y) = y. Suppose -4 = -g + 3. Let c be (-4)/(-14) - (-12)/g. List the prime factors of p(c).
2
Let z = 12 + -18. Let d = -1 - z. Suppose 4*a + 12 = 0, a - 23 = -w + d*a. What are the prime factors of w?
11
List the prime factors of (-22 - 5)*6/(-2).
3
Let l = 0 - -3. Suppose 0*b - 12 = -4*b, 60 = 5*q - 5*b. Suppose 0 = -l*z + q + 6. List the prime factors of z.
7
Let b(i) = -678*i**2 + i + 1. Let t be b(-1). Let k = t + 468. List the prime factors of 2/9 + k/(-27).
2
Suppose z = 3*h - 125, 1 - 11 = 5*z. List the prime factors of h/4 - (-1)/(-4).
2, 5
Let j(a) = -a**3 + 7*a**2 + 2*a - 12. Let d be j(7). Suppose x = -d*x + 84. List the prime factors of x.
2, 7
Suppose 2*m =